ime factors of 2152.
2, 269
What are the prime factors of 275?
5, 11
List the prime factors of 65386.
2, 32693
List the prime factors of 311.
311
What are the prime factors of 1469?
13, 113
What are the prime factors of 12188?
2, 11, 277
List the prime factors of 684.
2, 3, 19
What are the prime factors of 1691?
19, 89
What are the prime factors of 8110?
2, 5, 811
What are the prime factors of 73022?
2, 29, 1259
What are the prime factors of 990?
2, 3, 5, 11
What are the prime factors of 25627?
7, 523
What are the prime factors of 21795?
3, 5, 1453
List the prime factors of 8392.
2, 1049
What are the prime factors of 31226?
2, 13, 1201
List the prime factors of 781.
11, 71
List the prime factors of 6964.
2, 1741
What are the prime factors of 118892?
2, 29723
List the prime factors of 52472.
2, 7, 937
List the prime factors of 3212.
2, 11, 73
What are the prime factors of 821?
821
List the prime factors of 3652.
2, 11, 83
What are the prime factors of 5192?
2, 11, 59
List the prime factors of 3812.
2, 953
List the prime factors of 565.
5, 113
What are the prime factors of 2349?
3, 29
What are the prime factors of 27?
3
List the prime factors of 19423.
19423
List the prime factors of 584.
2, 73
What are the prime factors of 11743?
11743
What are the prime factors of 664?
2, 83
List the prime factors of 2222.
2, 11, 101
What are the prime factors of 24260?
2, 5, 1213
List the prime factors of 970.
2, 5, 97
List the prime factors of 210.
2, 3, 5, 7
List the prime factors of 6988.
2, 1747
What are the prime factors of 26474?
2, 7, 31, 61
List the prime factors of 82594.
2, 61, 677
What are the prime factors of 154947?
3, 13, 29, 137
List the prime factors of 5037.
3, 23, 73
What are the prime factors of 55404?
2, 3, 19
What are the prime factors of 9764?
2, 2441
What are the prime factors of 1837?
11, 167
What are the prime factors of 3371?
3371
List the prime factors of 97675.
5, 3907
What are the prime factors of 16402?
2, 59, 139
List the prime factors of 1567.
1567
What are the prime factors of 28167?
3, 41, 229
List the prime factors of 4358.
2, 2179
List the prime factors of 137580.
2, 3, 5, 2293
What are the prime factors of 3689?
7, 17, 31
List the prime factors of 27472.
2, 17, 101
What are the prime factors of 1087?
1087
List the prime factors of 39463.
19, 31, 67
List the prime factors of 47296.
2, 739
List the prime factors of 6439.
47, 137
What are the prime factors of 913?
11, 83
What are the prime factors of 119442?
2, 3, 17, 1171
List the prime factors of 30373.
7, 4339
List the prime factors of 1626.
2, 3, 271
List the prime factors of 3957.
3, 1319
What are the prime factors of 173758?
2, 13, 41, 163
List the prime factors of 8460.
2, 3, 5, 47
What are the prime factors of 7731?
3, 859
What are the prime factors of 3687?
3, 1229
What are the prime factors of 642?
2, 3, 107
What are the prime factors of 14235?
3, 5, 13, 73
List the prime factors of 2078.
2, 1039
List the prime factors of 967.
967
List the prime factors of 16610.
2, 5, 11, 151
What are the prime factors of 32691?
3, 17, 641
List the prime factors of 77358.
2, 3, 12893
List the prime factors of 924.
2, 3, 7, 11
List the prime factors of 47370.
2, 3, 5, 1579
List the prime factors of 16817.
67, 251
List the prime factors of 8981.
7, 1283
What are the prime factors of 57975?
3, 5, 773
What are the prime factors of 33208?
2, 7, 593
What are the prime factors of 41637?
3, 13879
What are the prime factors of 1900?
2, 5, 19
What are the prime factors of 10712?
2, 13, 103
What are the prime factors of 252?
2, 3, 7
What are the prime factors of 2719?
2719
What are the prime factors of 584?
2, 73
What are the prime factors of 14794?
2, 13, 569
List the prime factors of 32361.
3, 7, 23, 67
List the prime factors of 13984.
2, 19, 23
What are the prime factors of 29894?
2, 14947
List the prime factors of 1412.
2, 353
What are the prime factors of 22653?
3, 839
List the prime factors of 94189.
131, 719
List the prime factors of 1304.
2, 163
List the prime factors of 1204.
2, 7, 43
What are the prime factors of 89309?
11, 23, 353
What are the prime factors of 16282?
2, 7, 1163
List the prime factors of 5882.
2, 17, 173
List the prime factors of 11776.
2, 23
What are the prime factors of 2276?
2, 569
List the prime factors of 3742.
2, 1871
List the prime factors of 3681.
3, 409
List the prime factors of 25215.
3, 5, 41
List the prime factors of 12552.
2, 3, 523
What are the prime factors of 31305?
3, 5, 2087
List the prime factors of 20468.
2, 7, 17, 43
What are the prime factors of 90431?
11, 8221
What are the prime factors of 56?
2, 7
What are the prime factors of 24244?
2, 11, 19, 29
List the prime factors of 5681.
13, 19, 23
What are the prime factors of 1115?
5, 223
What are the prime factors of 8892?
2, 3, 13, 19
List the prime factors of 149725.
5, 53, 113
List the prime factors of 1398.
2, 3, 233
List the prime factors of 958.
2, 479
What are the prime factors of 56898?
2, 3, 29, 109
What are the prime factors of 91?
7, 13
List the prime factors of 1109.
1109
List the prime factors of 4555.
5, 911
What are the prime factors of 68543?
68543
What are the prime factors of 12646?
2, 6323
List the prime factors of 70643.
41, 1723
What are the prime factors of 83203?
83203
What are the prime factors of 14997?
3, 4999
List the prime factors of 126137.
11, 11467
List the prime factors of 3563.
7, 509
List the prime factors of 2034.
2, 3, 113
List the prime factors of 2620.
2, 5, 131
List the prime factors of 852.
2, 3, 71
List the prime factors of 4728.
2, 3, 197
What are the prime factors of 197?
197
List the prime factors of 25.
5
List the prime factors of 3796.
2, 13, 73
List the prime factors of 2260.
2, 5, 113
List the prime factors of 120245.
5, 24049
List the prime factors of 739.
739
What are the prime factors of 121963?
121963
List the prime factors of 22154.
2, 11, 19, 53
List the prime factors of 38272.
2, 13, 23
List the prime factors of 919.
919
What are the prime factors of 42005?
5, 31, 271
What are the prime factors of 3135?
3, 5, 11, 19
List the prime factors of 535.
5, 107
List the prime factors of 6.
2, 3
What are the prime factors of 5779?
5779
What are the prime factors of 1115?
5, 223
List the prime factors of 3561.
3, 1187
What are the prime factors of 7440?
2, 3, 5, 31
List the prime factors of 3492.
2, 3, 97
What are the prime factors of 2017?
2017
What are the prime factors of 5414?
2, 2707
List the prime factors of 4143.
3, 1381
What are the prime factors of 17078?
2, 8539
List the prime factors of 141.
3, 47
List the prime factors of 57160.
2, 5, 1429
List the prime factors of 2917.
2917
List the prime factors of 754.
2, 13, 29
List the prime factors of 5173.
7, 739
List the prime factors of 16253.
16253
What are the prime factors of 2888?
2, 19
What are the prime factors of 19267?
19267
List the prime factors of 197.
197
What are the prime factors of 39667?
39667
List the prime factors of 6878.
2, 19, 181
List the prime factors of 21629.
43, 503
List the prime factors of 1838.
2, 919
What are the prime factors of 1051?
1051
What are the prime factors of 6393?
3, 2131
What are the prime factors of 28029?
3, 9343
List the prime factors of 1238.
2, 619
List the prime factors of 5687.
11, 47
List the prime factors of 1633.
23, 71
List the prime factors of 303.
3, 101
List the prime factors of 12618.
2, 3, 701
List the prime factors of 1103.
1103
List the prime factors of 2313.
3, 257
What are the prime factors of 22219?
17, 1307
List the prime factors of 16972.
2, 4243
What are the prime factors of 958?
2, 479
List the prime factors of 1466.
2, 733
What are the prime factors of 3991?
13, 307
What are the prime factors of 74221?
7, 23, 461
What are the prime factors of 1305?
3, 5, 29
List the prime factors of 994.
2, 7, 71
List the prime factors of 13287.
3, 43, 103
What are the prime factors of 56?
2, 7
List the prime factors of 19725.
3, 5, 263
List the prime factors of 836.
2, 11, 19
List the prime factors of 2501.
41, 61
What are the prime factors of 4914?
2, 3, 7, 13
List the prime factors of 87286.
2, 19, 2297
List the prime factors of 802.
2, 401
What are the prime factors of 2395?
5, 479
What are the prime factors of 52877?
11, 19, 23
What are t